ivided by (-24)/(-20)*(-40)/(-12)?
3
Suppose -30 = -4*q + 2*q. Suppose -17*z = -q*z + 188. Let d = -54 - z. What is the remainder when d is divided by 11?
7
Suppose -n + 5*u = -19, 2*n - 4*u - 10 = 10. Suppose 3*i - 4*i = -n*r + 1995, 2*r = 3*i + 995. What is the remainder when r is divided by 14?
9
Suppose 3*p = -2*p + 415. Suppose -2*m + 3*r = 3*m - 214, 3*r - 6 = 0. Calculate the remainder when p is divided by m.
39
Suppose 0 = -4*f - 0*f. Suppose f = 3*t - 9*t. Suppose -b - 3*l = -4 - t, 2*b - l = 36. Calculate the remainder when 62 is divided by b.
14
Suppose 335*h + 18 = 337*h. Suppose -35 - h = -b - 3*g, g - 220 = -4*b. What is the remainder when 501 is divided by b?
53
Let f = -27789 + 27990. Calculate the remainder when f is divided by 177.
24
Suppose -98*j + 202*j - 101*j = 333. What is the remainder when 1577 is divided by j?
23
Suppose 16*h - 530 = 238. Let l = -78 + 3. Let x = 82 + l. What is the remainder when h is divided by x?
6
Suppose -3*n + 18*t + 209 = 20*t, -2*n = 5*t - 143. What is the remainder when 272 is divided by n?
65
Suppose y + 1347 - 1570 = -5*q, y - 5*q - 133 = 0. Calculate the remainder when 361 is divided by y.
5
Let c = -516 - -964. Let r = c + -442. What is the remainder when 200 is divided by r?
2
Let b(s) = s**2 - 120*s + 716. Suppose 2*k + 0*k - 1000 = 0. Suppose 5*w - 1445 + k = 0. Calculate the remainder when w is divided by b(6).
29
Suppose 153 - 321 = -7*b. What is the remainder when b is divided by 82/26 + 4/(-26)?
0
Let d(m) be the second derivative of -m**5/20 + m**4 + 43*m**3/3 + 5*m**2/2 - 76*m - 2. Calculate the remainder when d(-6) is divided by 10.
7
Suppose -2*k = 2*k + 12. What is the remainder when (217*62/4805)/(14/340) is divided by (-2)/(k - -2) + 16?
14
Suppose -16*p + 79 = -145. What is the remainder when 335 is divided by p?
13
Let u = 817 - 1187. Let g = 414 + u. What is the remainder when g is divided by 15?
14
Let u = -3 + 4. Let a be ((632/u)/1)/(2 + 0). What is the remainder when 15 is divided by 6/27 + a/36?
6
Suppose -50145 = -3*u + o, 3980 = 4*u - 3*o - 62890. What is the remainder when u is divided by 122?
121
Let i = 61 - 50. Suppose 79 - 379 = -4*z. Suppose -z = 10*s - i*s. What is the remainder when s is divided by 21?
12
Let c = 757 + -635. Let z = c - -182. What is the remainder when z is divided by 24?
16
Suppose 2*y - 108 = 4*x, x + 3909 = -5*y + 4256. What is the remainder when 1303 is divided by y?
11
Suppose 144*c = 131*c + 247. Calculate the remainder when -2*-65*(0 + (-3)/(-6)) is divided by c.
8
Let w(v) = -610*v - 18132. What is the remainder when 256 is divided by w(-30)?
88
Let k(h) = -37*h + 51*h**2 + 0 - 31 + 95*h - 40*h. Calculate the remainder when k(2) is divided by 10.
9
What is the remainder when (1148/164)/(2 + 16839/(-8421)) is divided by 5?
4
Let c(i) = -4*i**2 - 34*i - 9. Let p be 8/(6/9 - (-1)/3). Suppose 2*h = 4*h - 4*b - p, -4*b = 4. What is the remainder when c(-8) is divided by h?
1
Let u(x) = x**3 - 2*x**2 - 31*x - 21. What is the remainder when 18 is divided by u(7)?
4
Suppose 0 = 4*m + 5*p - 1415, 96*m - 4*p - 338 = 95*m. Suppose 3*v - 100 = -4*c + 29, -5*c + 15 = 0. What is the remainder when m is divided by v?
38
Let y = -5562 - -5682. What is the remainder when y is divided by 61?
59
Let c be 4 + -1 + 20 + -21. Calculate the remainder when 45 is divided by (((-2080)/(-28))/(-10))/(c/(-7)).
19
Suppose -3*r + 5*q - 231 = 71, -2*q = -4*r - 412. Let m = 154 + r. What is the remainder when 140 is divided by m?
40
Suppose -q + 7 = 3*w, 0 = q + 3*w - w - 2. Calculate the remainder when 55 is divided by 750/40 - 2/q.
17
Calculate the remainder when 364 is divided by -3 - 20*(-39)/52.
4
Let m(g) = g**2 - 76*g + 29. What is the remainder when m(-8) is divided by 16?
13
Suppose 2*r + 36 = 3*a - 7, r + 60 = 5*a. What is the remainder when a is divided by 7?
4
Let i(u) = -8*u**3 + 9*u + 9. Calculate the remainder when i(-3) is divided by 44.
22
Suppose 2*h = 5*y - 21, -52*y + 4*h = -57*y + 33. Suppose -5*a - o + 29 = 4, 4*o = -3*a - 2. What is the remainder when a is divided by y?
1
Suppose -b = -p + 3*b + 2188, -4412 = -2*p - 4*b. Let s be ((-456)/30)/(2/(-5)). Calculate the remainder when p/s - 2/(-19) is divided by 15.
13
Suppose -80 = -5*d + 5*t, 9*t = d + 10*t - 12. Suppose -7*c - 77 = -d*c. Calculate the remainder when 206 is divided by c.
8
Suppose 962 = 2*c - 39*c + 10989. Calculate the remainder when 557 is divided by c.
15
Let o be (-4)/(-1) + (1641 - -7). Suppose 18*r - 4*r = -o. Calculate the remainder when (r/8)/((-15)/120) is divided by 30.
28
Calculate the remainder when 284 is divided by (((-48)/16)/3)/((-2)/148).
62
Suppose -u - 2*p = -526, 57*p = u + 53*p - 574. What is the remainder when u is divided by 25?
17
Suppose -42*k + 8913 = 84*k + 2739. Calculate the remainder when 88 is divided by k.
39
Suppose -69*z + 92*z - 26399 - 56102 = 0. Calculate the remainder when z is divided by 1190.
17
Suppose r = -3*s - 1068 + 10184, -r + 3042 = s. Calculate the remainder when s is divided by 3033.
4
Let i(q) = q**3 - 17*q**2 + 30*q - 12. Let b be i(15). What is the remainder when 94 is divided by b/78 - (1 + (-262)/13)?
18
Let x(n) = -8*n + 151. Suppose -c + 3*z = 576, 2*c - 3*z = 5*c + 1764. Calculate the remainder when x(14) is divided by c/(-27) + 2/(-3).
18
Suppose 4*j - 4*x + 44 = 0, -26*x - 5 = -27*x. What is the remainder when 27 is divided by (-27 + 6)*(-1 - 0/j)?
6
Let f(n) = -6*n - 24. Calculate the remainder when 545 is divided by f(-5).
5
Let s(v) = -v**2 - 47*v + 16. What is the remainder when 367 is divided by s(0)?
15
Let q = -3981 - -4003. Calculate the remainder when 768 is divided by q.
20
Let a(i) = 522*i + 8711. Calculate the remainder when 2508 is divided by a(-16).
354
Suppose 5*s - 74 = c, -2*s + 5*s - 26 = -4*c. Suppose 5*b + 76 = 2*k, 2*k - 3*b - 114 = -k. What is the remainder when k is divided by s?
10
Let i be 1*(-4 - (-14 + 2)). Let m be 22 - i - (-1 - -1). Calculate the remainder when 23 is divided by (-24)/7*m/(-4).
11
Let p = 2668 - 687. What is the remainder when p is divided by 62?
59
Let x be -9*((-52)/12 - -3). Suppose 2*g + 0 = x. Suppose -11 = d + 3*p, 5*p - 53 = -4*d - 62. Calculate the remainder when g is divided by d.
2
Suppose 454 - 562 = -4*n. Suppose -n = -o - 5*y, 4*o - 2*y - y = 39. Calculate the remainder when 82 is divided by o.
10
Let l = 31812 - 21506. Calculate the remainder when l is divided by 61.
58
Let m = -8936 - -9050. Calculate the remainder when 4781 is divided by m.
107
Suppose -13*f + 10 = -8*f. Let j(m) = 3*m**f + 9*m - 2*m**2 - 10*m - 2 + 2*m. Calculate the remainder when j(-4) is divided by 6.
4
Suppose -17 = -p + 18. Suppose 7*m - 326 = -5*g, 42*g - 46*g = -5*m - 282. What is the remainder when g is divided by p?
33
Let k(x) = -2*x**3 + 12*x**2 + 26*x - 4. Calculate the remainder when 93 is divided by k(7).
13
Suppose -1166 = 56*h - 46. What is the remainder when 162 is divided by (-4 + (-392)/h)*(-15)/(-9)?
6
Let q = -117 - -121. Suppose r = -10*a + 5*a + 124, -64 = -2*a - q*r. What is the remainder when 216/(5 + -2) + -2 is divided by a?
22
Suppose 0 = -h + 32 + 21. Let n = 82 - h. What is the remainder when n is divided by 88/(-20)*(-40)/16?
7
Let c = -23 - -26. Suppose -c*m = f - 19, 2*m + 0*f + 2*f = 6. Suppose m*b - 4*q - 701 = 3*b, -3*q - 12 = 0. Calculate the remainder when b is divided by 28.
25
Let y(a) = -a**3 + 26*a**2 - 103*a - 36. Let w be y(21). What is the remainder when 3 - (-528)/w - (-5 - 0) is divided by 18?
6
Suppose 2*h - 1390 = g - 7701, 2*h + 5*g = -6329. What is the remainder when (-3)/(-1 + h/(-3178)) is divided by 115?
109
Let r(i) = -i**2 - 22*i + 1116. Calculate the remainder when 248 is divided by r(-46).
8
Let r be 798/9*(-6)/(-8)*6. Suppose 9*l - 6 - r = 0. Calculate the remainder when 124 is divided by l.
34
Suppose -2*a - 29 + 177 = 0. Let q = a + -54. Calculate the remainder when q is divided by 13.
7
Let i(y) = -y**3 - 2*y**2 + 32*y - 17. Let f be i(-7). Calculate the remainder when 5/(-10) - (-474)/f is divided by 30.
28
Suppose 39*j - 8*j - 8667 = -50*j. Calculate the remainder when 290 is divided by j.
76
Let o(n) = 15*n - 21. Suppose -5*z = -4*y + 2 + 3, -15 = 3*y. Let x be o(z). Let j = -75 - x. What is the remainder when j is divide